ousands digit of 460014?
4
What is the tens digit of 3065223?
2
What is the hundred thousands digit of 1045714?
0
What is the units digit of 9734563?
3
What is the units digit of 123121?
1
What is the hundreds digit of 823436?
4
What is the thousands digit of 213971?
3
What is the hundred thousands digit of 2458647?
4
What is the units digit of 608690?
0
What is the hundred thousands digit of 803464?
8
What is the ten thousands digit of 3463583?
6
What is the tens digit of 954014?
1
What is the tens digit of 9924670?
7
What is the tens digit of 3105344?
4
What is the hundred thousands digit of 944943?
9
What is the tens digit of 7771409?
0
What is the tens digit of 981837?
3
What is the tens digit of 594594?
9
What is the hundred thousands digit of 5826354?
8
What is the ten thousands digit of 4422902?
2
What is the millions digit of 2862498?
2
What is the thousands digit of 877398?
7
What is the tens digit of 2040038?
3
What is the hundred thousands digit of 1823051?
8
What is the tens digit of 257784?
8
What is the hundreds digit of 404362?
3
What is the ten thousands digit of 292554?
9
What is the units digit of 14467083?
3
What is the hundreds digit of 3304405?
4
What is the tens digit of 284665?
6
What is the ten thousands digit of 306663?
0
What is the thousands digit of 758272?
8
What is the hundreds digit of 1575162?
1
What is the tens digit of 176234?
3
What is the units digit of 927783?
3
What is the millions digit of 2718162?
2
What is the units digit of 149019?
9
What is the thousands digit of 6528827?
8
What is the millions digit of 16199437?
6
What is the tens digit of 187743?
4
What is the hundreds digit of 750885?
8
What is the hundred thousands digit of 6336210?
3
What is the tens digit of 1106548?
4
What is the thousands digit of 358665?
8
What is the hundreds digit of 9347134?
1
What is the thousands digit of 5194121?
4
What is the tens digit of 5434469?
6
What is the ten millions digit of 16520111?
1
What is the thousands digit of 3959035?
9
What is the thousands digit of 6072678?
2
What is the units digit of 1635464?
4
What is the units digit of 977256?
6
What is the hundred thousands digit of 5967548?
9
What is the units digit of 2002727?
7
What is the units digit of 1657704?
4
What is the ten thousands digit of 16428005?
2
What is the tens digit of 242125?
2
What is the tens digit of 1242073?
7
What is the ten thousands digit of 6393818?
9
What is the thousands digit of 749243?
9
What is the ten thousands digit of 19008228?
0
What is the thousands digit of 365683?
5
What is the thousands digit of 236552?
6
What is the tens digit of 67591?
9
What is the thousands digit of 2613616?
3
What is the ten thousands digit of 224565?
2
What is the millions digit of 1558000?
1
What is the millions digit of 5392590?
5
What is the hundred thousands digit of 341829?
3
What is the hundreds digit of 108549?
5
What is the ten thousands digit of 516689?
1
What is the thousands digit of 206632?
6
What is the hundred thousands digit of 626530?
6
What is the hundreds digit of 11521?
5
What is the hundred thousands digit of 369705?
3
What is the thousands digit of 67678?
7
What is the units digit of 24478?
8
What is the hundreds digit of 188739?
7
What is the ten millions digit of 10712076?
1
What is the ten thousands digit of 91963?
9
What is the units digit of 6255281?
1
What is the units digit of 179423?
3
What is the millions digit of 4336384?
4
What is the hundreds digit of 15950?
9
What is the tens digit of 2251649?
4
What is the ten thousands digit of 82126?
8
What is the units digit of 794396?
6
What is the thousands digit of 2714146?
4
What is the units digit of 1957113?
3
What is the thousands digit of 2739197?
9
What is the thousands digit of 1880885?
0
What is the units digit of 17389333?
3
What is the ten thousands digit of 365111?
6
What is the hundred thousands digit of 898426?
8
What is the ten thousands digit of 1352385?
5
What is the thousands digit of 1943472?
3
What is the units digit of 344538?
8
What is the hundred thousands digit of 125703?
1
What is the hundred thousands digit of 313368?
3
What is the thousands digit of 4784472?
4
What is the hundreds digit of 3134359?
3
What is the millions digit of 3753666?
3
What is the units digit of 120836?
6
What is the thousands digit of 31773306?
3
What is the hundred thousands digit of 901087?
9
What is the thousands digit of 124146?
4
What is the units digit of 1322707?
7
What is the hundred thousands digit of 1436523?
4
What is the ten thousands digit of 3758343?
5
What is the thousands digit of 85705?
5
What is the hundreds digit of 407772?
7
What is the millions digit of 18250814?
8
What is the hundreds digit of 145255?
2
What is the thousands digit of 5027247?
7
What is the hundreds digit of 485133?
1
What is the tens digit of 1219424?
2
What is the tens digit of 1780732?
3
What is the hundreds digit of 781177?
1
What is the units digit of 38545686?
6
What is the tens digit of 425914?
1
What is the ten thousands digit of 80736?
8
What is the hundred thousands digit of 12836467?
8
What is the tens digit of 6368575?
7
What is the hundreds digit of 1026220?
2
What is the ten thousands digit of 11949888?
4
What is the tens digit of 3538348?
4
What is the hundreds digit of 328956?
9
What is the ten thousands digit of 90626?
9
What is the hundreds digit of 367437?
4
What is the tens digit of 203509?
0
What is the hundred thousands digit of 520616?
5
What is the hundred thousands digit of 137283?
1
What is the units digit of 21815832?
2
What is the tens digit of 1995802?
0
What is the units digit of 213085?
5
What is the ten thousands digit of 13856336?
5
What is the units digit of 2492166?
6
What is the hundreds digit of 17466037?
0
What is the ten thousands digit of 25341710?
4
What is the hundreds digit of 471066?
0
What is the hundreds digit of 464691?
6
What is the hundred thousands digit of 187466?
1
What is the hundreds digit of 13380785?
7
What is the ten thousands digit of 5466578?
6
What is the millions digit of 5805940?
5
What is the units digit of 438261?
1
What is the thousands digit of 873971?
3
What is the hundreds digit of 286952?
9
What is the hundreds digit of 16730509?
5
What is the hundreds digit of 5580526?
5
What is the millions digit of 3792457?
3
What is the thousands digit of 1476911?
6
What is the millions digit of 4750888?
4
What is the ten thousands digit of 72227?
7
What is the units digit of 3034326?
6
What is the hundreds digit of 580147?
1
What is the thousands digit of 29784387?
4
What is the thousands digit of 1174767?
4
What is the ten thousands digit of 183547?
8
What is the thousands digit of 409627?
9
What is the thousands digit of 2032875?
2
What is the hundred thousands digit of 267871?
2
What is the units digit of 3033670?
0
What is the hundreds digit of 350892?
8
What is the millions digit of 8206671?
8
What is the ten thousands digit of 48673?
4
What is the thousands digit of 6732710?
2
What is the millions digit of 6919573?
6
What is the units digit of 12263?
3
What is the ten thousands digit of 1875195?
7
What is the hundred thousands digit of 487189?
4
What is the ten thousands digit of 30505961?
0
What is the millions digit of 24660090?
4
What is the hundreds digit of 716638?
6
What is the tens digit of 99275?
7
What is the thousands digit of 118704?
8
What is the millions digit of 1132673?
1
What is the thousands digit of 10034907?
4
What is the tens digit of 15382174?
7
What is the ten thousands digit of 6360133?
6
What is the millions digit of 25226206?
5
What is the thousands digit of 953910?
3
What is the thousands digit of 6635216?
5
What is the tens digit of 32824956?
5
What is the hundred thousands digit of 17366430?
3
What is the tens digit of 2287771?
7
What is the millions digit of 2524274?
2
What is the hundred thousands digit of 3981411?
9
What is the units digit of 443944?
4
What is the units digit of 237855?
5
What is the hundred thousands digit of 857652?
8
What is the units digit of 60341?
1
What is the hundred thousands digit of 8508161?
5
What is the ten thousands digit of 4308611?
0
What is the millions digit of 4193619?
4
What is the hundreds digit of 310309?
3
What is the hundreds digit of 157111?
1
What i